{"id":556,"date":"2024-01-18T19:17:49","date_gmt":"2024-01-18T19:17:49","guid":{"rendered":"https:\/\/lipride.lgbt\/?page_id=556"},"modified":"2024-01-18T19:24:54","modified_gmt":"2024-01-18T19:24:54","slug":"unsere-location","status":"publish","type":"page","link":"https:\/\/lipride.lgbt\/?page_id=556","title":{"rendered":"Unsere Location"},"content":{"rendered":"\n<p>Mit dem Zug, dem Bus oder zu Fuss an die li Pride. Die li Pride liegt im Herzen von Schaan.<\/p>\n\n\n\n<p><a href=\"https:\/\/www.google.com\/maps\/place\/SAL+Saal+am+Lindaplatz\/@47.1724969,9.5167161,14.5z\/data=!4m6!3m5!1s0x479b3106b9aaf973:0xe0bbdfb0ba722c7d!8m2!3d47.1664072!4d9.5098799!16s%2Fg%2F1tfq_d8g?authuser=0&amp;entry=ttu\">https:\/\/www.google.com\/maps\/place\/SAL+Saal+am+Lindaplatz\/@47.1724969,9.5167161,14.5z\/data=!4m6!3m5!1s0x479b3106b9aaf973:0xe0bbdfb0ba722c7d!8m2!3d47.1664072!4d9.5098799!16s%2Fg%2F1tfq_d8g?authuser=0&amp;entry=ttu<\/a><\/p>\n\n\n\n<h3 class=\"wp-block-heading has-text-align-center\"><span style=\"text-decoration: underline;\">Anfahrt<\/span><\/h3>\n\n\n\n<p class=\"has-text-align-center\"><strong><em>Mit Zug aus der Schweiz:<\/em><\/strong><\/p>\n\n\n\n<ul class=\"wp-block-list\">\n<li>Haltestelle f\u00fcr alle Reisenden aus der Schweiz ist Buchs SG. Von dort aus f\u00e4hrt die Linie 12 der Liemobil direkt nach Schaan.<\/li>\n\n\n\n<li>Haltestelle Schaan Bahnhof. Von dort ist die li Pride zu Fuss in 5 Minuten zu erreichen. Daf\u00fcr k\u00f6nnt ihr den gemalten Regenb\u00f6gen folgen.<\/li>\n<\/ul>\n\n\n\n<p class=\"has-text-align-center\"><strong>Mit Zug aus \u00d6sterreich:<\/strong><\/p>\n\n\n\n<ul class=\"wp-block-list\">\n<li>Haltestelle f\u00fcr alle Reisenden aus oder \u00fcber \u00d6sterreich ist Feldkirch Bahnhof. Von dort aus f\u00e4hrt die Linie 11 der Liemobil direkt nach Schaan.<\/li>\n\n\n\n<li>Haltestelle Schaan Bahnhof. Von dort ist die li Pride zu Fuss in 5 Minuten zu erreichen. Daf\u00fcr k\u00f6nnt ihr den gemalten Regenb\u00f6gen folgen.<\/li>\n<\/ul>\n\n\n\n<p class=\"has-text-align-center\"><strong>Mit Auto aus der Schweiz.<\/strong><\/p>\n\n\n\n<ul class=\"wp-block-list\">\n<li>Ausfahrt Buchs SG\/ Schaan. \u00dcber die Hauptstrasse gelangt ihr direkt ins Zentrum von Schaan.<\/li>\n\n\n\n<li>Parkm\u00f6glichkeiten:<ul><li>Zentrum<\/li><\/ul>\n<ul class=\"wp-block-list\">\n<li>SAL Lindaplatz<\/li>\n<\/ul>\n<\/li>\n<\/ul>\n","protected":false},"excerpt":{"rendered":"<p>Mit dem Zug, dem Bus oder zu Fuss an die li Pride. Die li Pride liegt im Herzen von Schaan. https:\/\/www.google.com\/maps\/place\/SAL+Saal+am+Lindaplatz\/@47.1724969,9.5167161,14.5z\/data=!4m6!3m5!1s0x479b3106b9aaf973:0xe0bbdfb0ba722c7d!8m2!3d47.1664072!4d9.5098799!16s%2Fg%2F1tfq_d8g?authuser=0&amp;entry=ttu Anfahrt Mit Zug aus der Schweiz: Mit Zug aus \u00d6sterreich: Mit Auto aus der Schweiz.<\/p>\n","protected":false},"author":1,"featured_media":0,"parent":0,"menu_order":0,"comment_status":"closed","ping_status":"closed","template":"","meta":{"site-sidebar-layout":"default","site-content-layout":"","ast-site-content-layout":"default","site-content-style":"default","site-sidebar-style":"default","ast-global-header-display":"","ast-banner-title-visibility":"","ast-main-header-display":"","ast-hfb-above-header-display":"","ast-hfb-below-header-display":"","ast-hfb-mobile-header-display":"","site-post-title":"","ast-breadcrumbs-content":"","ast-featured-img":"","footer-sml-layout":"","ast-disable-related-posts":"","theme-transparent-header-meta":"","adv-header-id-meta":"","stick-header-meta":"","header-above-stick-meta":"","header-main-stick-meta":"","header-below-stick-meta":"","astra-migrate-meta-layouts":"default","ast-page-background-enabled":"default","ast-page-background-meta":{"desktop":{"background-color":"var(--ast-global-color-4)","background-image":"","background-repeat":"repeat","background-position":"center center","background-size":"auto","background-attachment":"scroll","background-type":"","background-media":"","overlay-type":"","overlay-color":"","overlay-opacity":"","overlay-gradient":""},"tablet":{"background-color":"","background-image":"","background-repeat":"repeat","background-position":"center center","background-size":"auto","background-attachment":"scroll","background-type":"","background-media":"","overlay-type":"","overlay-color":"","overlay-opacity":"","overlay-gradient":""},"mobile":{"background-color":"","background-image":"","background-repeat":"repeat","background-position":"center center","background-size":"auto","background-attachment":"scroll","background-type":"","background-media":"","overlay-type":"","overlay-color":"","overlay-opacity":"","overlay-gradient":""}},"ast-content-background-meta":{"desktop":{"background-color":"var(--ast-global-color-5)","background-image":"","background-repeat":"repeat","background-position":"center center","background-size":"auto","background-attachment":"scroll","background-type":"","background-media":"","overlay-type":"","overlay-color":"","overlay-opacity":"","overlay-gradient":""},"tablet":{"background-color":"var(--ast-global-color-5)","background-image":"","background-repeat":"repeat","background-position":"center center","background-size":"auto","background-attachment":"scroll","background-type":"","background-media":"","overlay-type":"","overlay-color":"","overlay-opacity":"","overlay-gradient":""},"mobile":{"background-color":"var(--ast-global-color-5)","background-image":"","background-repeat":"repeat","background-position":"center center","background-size":"auto","background-attachment":"scroll","background-type":"","background-media":"","overlay-type":"","overlay-color":"","overlay-opacity":"","overlay-gradient":""}},"footnotes":""},"class_list":["post-556","page","type-page","status-publish","hentry"],"jetpack_sharing_enabled":true,"_links":{"self":[{"href":"https:\/\/lipride.lgbt\/index.php?rest_route=\/wp\/v2\/pages\/556","targetHints":{"allow":["GET"]}}],"collection":[{"href":"https:\/\/lipride.lgbt\/index.php?rest_route=\/wp\/v2\/pages"}],"about":[{"href":"https:\/\/lipride.lgbt\/index.php?rest_route=\/wp\/v2\/types\/page"}],"author":[{"embeddable":true,"href":"https:\/\/lipride.lgbt\/index.php?rest_route=\/wp\/v2\/users\/1"}],"replies":[{"embeddable":true,"href":"https:\/\/lipride.lgbt\/index.php?rest_route=%2Fwp%2Fv2%2Fcomments&post=556"}],"version-history":[{"count":5,"href":"https:\/\/lipride.lgbt\/index.php?rest_route=\/wp\/v2\/pages\/556\/revisions"}],"predecessor-version":[{"id":621,"href":"https:\/\/lipride.lgbt\/index.php?rest_route=\/wp\/v2\/pages\/556\/revisions\/621"}],"wp:attachment":[{"href":"https:\/\/lipride.lgbt\/index.php?rest_route=%2Fwp%2Fv2%2Fmedia&parent=556"}],"curies":[{"name":"wp","href":"https:\/\/api.w.org\/{rel}","templated":true}]}}