{"id":899,"date":"2024-06-06T14:19:05","date_gmt":"2024-06-06T14:19:05","guid":{"rendered":"https:\/\/lipride.lgbt\/?page_id=899"},"modified":"2024-06-06T14:53:00","modified_gmt":"2024-06-06T14:53:00","slug":"shop","status":"publish","type":"page","link":"https:\/\/lipride.lgbt\/?page_id=899","title":{"rendered":"Shop"},"content":{"rendered":"\n<p class=\"has-text-align-center has-medium-font-size\"><strong>Alle Produkte k\u00f6nnen zu regul\u00e4ren Stammtisch \u00d6ffnungszeiten abgeholt werden. <\/strong><br><strong>Bei Postversand werden zus\u00e4tzlich 7 Fr. f\u00fcrs Porto verrechnet.<\/strong><br><\/p>\n\n\n\n<div class=\"wp-block-buttons is-content-justification-center is-layout-flex wp-container-core-buttons-is-layout-a89b3969 wp-block-buttons-is-layout-flex\">\n<div class=\"wp-block-button\"><a class=\"wp-block-button__link wp-element-button\" href=\"https:\/\/lipride.lgbt\/?p=934\"><mark style=\"background-color:rgba(0, 0, 0, 0)\" class=\"has-inline-color has-ast-global-color-0-color\">Hier bestellen!<\/mark><\/a><\/div>\n<\/div>\n\n\n\n<div class=\"wp-block-columns is-layout-flex wp-container-core-columns-is-layout-28f84493 wp-block-columns-is-layout-flex\">\n<div class=\"wp-block-column is-layout-flow wp-block-column-is-layout-flow\">\n<figure class=\"wp-block-gallery has-nested-images columns-default is-cropped wp-block-gallery-1 is-layout-flex wp-block-gallery-is-layout-flex\">\n<figure class=\"wp-block-image size-large\"><img loading=\"lazy\" decoding=\"async\" width=\"959\" height=\"986\" data-id=\"921\" src=\"https:\/\/lipride.lgbt\/wp-content\/uploads\/2024\/06\/tshirt1-1.png\" alt=\"\" class=\"wp-image-921\" srcset=\"https:\/\/lipride.lgbt\/wp-content\/uploads\/2024\/06\/tshirt1-1.png 959w, https:\/\/lipride.lgbt\/wp-content\/uploads\/2024\/06\/tshirt1-1-292x300.png 292w, https:\/\/lipride.lgbt\/wp-content\/uploads\/2024\/06\/tshirt1-1-768x790.png 768w\" sizes=\"auto, (max-width: 959px) 100vw, 959px\" \/><\/figure>\n\n\n\n<figure class=\"wp-block-image size-large\"><img loading=\"lazy\" decoding=\"async\" width=\"831\" height=\"986\" data-id=\"922\" src=\"https:\/\/lipride.lgbt\/wp-content\/uploads\/2024\/06\/tshirt2-1.png\" alt=\"\" class=\"wp-image-922\" srcset=\"https:\/\/lipride.lgbt\/wp-content\/uploads\/2024\/06\/tshirt2-1.png 831w, https:\/\/lipride.lgbt\/wp-content\/uploads\/2024\/06\/tshirt2-1-253x300.png 253w, https:\/\/lipride.lgbt\/wp-content\/uploads\/2024\/06\/tshirt2-1-768x911.png 768w\" sizes=\"auto, (max-width: 831px) 100vw, 831px\" \/><\/figure>\n<\/figure>\n\n\n\n<p>Produkt: Shirts schwarz\/ weiss<br>Gr\u00f6sse: S-4XL<br>Preis: 35 Fr. exkl. Porto<\/p>\n<\/div>\n\n\n\n<div class=\"wp-block-column is-layout-flow wp-block-column-is-layout-flow\">\n<figure class=\"wp-block-gallery has-nested-images columns-default is-cropped wp-block-gallery-2 is-layout-flex wp-block-gallery-is-layout-flex\">\n<figure class=\"wp-block-image size-large\"><img loading=\"lazy\" decoding=\"async\" width=\"698\" height=\"664\" data-id=\"924\" src=\"https:\/\/lipride.lgbt\/wp-content\/uploads\/2024\/06\/cap1-1.png\" alt=\"\" class=\"wp-image-924\" srcset=\"https:\/\/lipride.lgbt\/wp-content\/uploads\/2024\/06\/cap1-1.png 698w, https:\/\/lipride.lgbt\/wp-content\/uploads\/2024\/06\/cap1-1-300x285.png 300w\" sizes=\"auto, (max-width: 698px) 100vw, 698px\" \/><\/figure>\n\n\n\n<figure class=\"wp-block-image size-large\"><img loading=\"lazy\" decoding=\"async\" width=\"935\" height=\"1002\" data-id=\"923\" src=\"https:\/\/lipride.lgbt\/wp-content\/uploads\/2024\/06\/cap2-1.png\" alt=\"\" class=\"wp-image-923\" srcset=\"https:\/\/lipride.lgbt\/wp-content\/uploads\/2024\/06\/cap2-1.png 935w, https:\/\/lipride.lgbt\/wp-content\/uploads\/2024\/06\/cap2-1-280x300.png 280w, https:\/\/lipride.lgbt\/wp-content\/uploads\/2024\/06\/cap2-1-768x823.png 768w\" sizes=\"auto, (max-width: 935px) 100vw, 935px\" \/><\/figure>\n<\/figure>\n\n\n\n<p>Produkt: Schirmm\u00fctze schwarz\/ Weiss<br>Gr\u00f6sse: Onesize<br>Preis: 35 Fr. exkl. Porto<\/p>\n<\/div>\n<\/div>\n\n\n\n<div class=\"wp-block-columns is-layout-flex wp-container-core-columns-is-layout-28f84493 wp-block-columns-is-layout-flex\">\n<div class=\"wp-block-column is-layout-flow wp-block-column-is-layout-flow\">\n<figure class=\"wp-block-gallery has-nested-images columns-default is-cropped wp-block-gallery-3 is-layout-flex wp-block-gallery-is-layout-flex\">\n<figure class=\"wp-block-image size-large\"><img loading=\"lazy\" decoding=\"async\" width=\"895\" height=\"990\" data-id=\"920\" src=\"https:\/\/lipride.lgbt\/wp-content\/uploads\/2024\/06\/beanie2.png\" alt=\"\" class=\"wp-image-920\" srcset=\"https:\/\/lipride.lgbt\/wp-content\/uploads\/2024\/06\/beanie2.png 895w, https:\/\/lipride.lgbt\/wp-content\/uploads\/2024\/06\/beanie2-271x300.png 271w, https:\/\/lipride.lgbt\/wp-content\/uploads\/2024\/06\/beanie2-768x850.png 768w\" sizes=\"auto, (max-width: 895px) 100vw, 895px\" \/><\/figure>\n\n\n\n<figure class=\"wp-block-image size-large\"><img loading=\"lazy\" decoding=\"async\" width=\"919\" height=\"990\" data-id=\"911\" src=\"https:\/\/lipride.lgbt\/wp-content\/uploads\/2024\/06\/beanie1.png\" alt=\"\" class=\"wp-image-911\" srcset=\"https:\/\/lipride.lgbt\/wp-content\/uploads\/2024\/06\/beanie1.png 919w, https:\/\/lipride.lgbt\/wp-content\/uploads\/2024\/06\/beanie1-278x300.png 278w, https:\/\/lipride.lgbt\/wp-content\/uploads\/2024\/06\/beanie1-768x827.png 768w\" sizes=\"auto, (max-width: 919px) 100vw, 919px\" \/><\/figure>\n<\/figure>\n\n\n\n<p>Produkt: Beanie schwarz\/ grau<br>Gr\u00f6sse: Onesize<br>Preis: 30 Fr. exkl. Porto<\/p>\n<\/div>\n\n\n\n<div class=\"wp-block-column is-layout-flow wp-block-column-is-layout-flow\">\n<figure class=\"wp-block-gallery has-nested-images columns-default is-cropped wp-block-gallery-4 is-layout-flex wp-block-gallery-is-layout-flex\">\n<figure class=\"wp-block-image size-large\"><img loading=\"lazy\" decoding=\"async\" width=\"1024\" height=\"807\" data-id=\"912\" src=\"https:\/\/lipride.lgbt\/wp-content\/uploads\/2024\/06\/turnbeutel1-1024x807.png\" alt=\"\" class=\"wp-image-912\" srcset=\"https:\/\/lipride.lgbt\/wp-content\/uploads\/2024\/06\/turnbeutel1-1024x807.png 1024w, https:\/\/lipride.lgbt\/wp-content\/uploads\/2024\/06\/turnbeutel1-300x237.png 300w, https:\/\/lipride.lgbt\/wp-content\/uploads\/2024\/06\/turnbeutel1-768x606.png 768w, https:\/\/lipride.lgbt\/wp-content\/uploads\/2024\/06\/turnbeutel1.png 1026w\" sizes=\"auto, (max-width: 1024px) 100vw, 1024px\" \/><\/figure>\n\n\n\n<figure class=\"wp-block-image size-large\"><img loading=\"lazy\" decoding=\"async\" width=\"919\" height=\"797\" data-id=\"914\" src=\"https:\/\/lipride.lgbt\/wp-content\/uploads\/2024\/06\/turnbeutel2.png\" alt=\"\" class=\"wp-image-914\" srcset=\"https:\/\/lipride.lgbt\/wp-content\/uploads\/2024\/06\/turnbeutel2.png 919w, https:\/\/lipride.lgbt\/wp-content\/uploads\/2024\/06\/turnbeutel2-300x260.png 300w, https:\/\/lipride.lgbt\/wp-content\/uploads\/2024\/06\/turnbeutel2-768x666.png 768w\" sizes=\"auto, (max-width: 919px) 100vw, 919px\" \/><\/figure>\n<\/figure>\n\n\n\n<p>Produkt: Turnbeutel schwarz\/ weiss<br>Gr\u00f6sse: onesize<br>Preis: 30 Fr. exkl. Porto<\/p>\n<\/div>\n<\/div>\n\n\n\n<div class=\"wp-block-columns is-layout-flex wp-container-core-columns-is-layout-28f84493 wp-block-columns-is-layout-flex\">\n<div class=\"wp-block-column is-layout-flow wp-block-column-is-layout-flow\" style=\"flex-basis:50%\">\n<div class=\"wp-block-group is-layout-constrained wp-block-group-is-layout-constrained\">\n<div class=\"wp-block-group is-layout-constrained wp-block-group-is-layout-constrained\">\n<div class=\"wp-block-group is-layout-constrained wp-block-group-is-layout-constrained\">\n<div class=\"wp-block-group is-layout-constrained wp-block-group-is-layout-constrained\">\n<div class=\"wp-block-group is-layout-constrained wp-block-group-is-layout-constrained\">\n<div class=\"wp-block-group is-layout-constrained wp-block-group-is-layout-constrained\">\n<div class=\"wp-block-columns is-layout-flex wp-container-core-columns-is-layout-28f84493 wp-block-columns-is-layout-flex\">\n<div class=\"wp-block-column is-layout-flow wp-block-column-is-layout-flow\" style=\"flex-basis:50%\">\n<div class=\"wp-block-columns is-layout-flex wp-container-core-columns-is-layout-28f84493 wp-block-columns-is-layout-flex\">\n<div class=\"wp-block-column is-layout-flow wp-block-column-is-layout-flow\">\n<figure class=\"wp-block-gallery has-nested-images columns-default is-cropped wp-block-gallery-5 is-layout-flex wp-block-gallery-is-layout-flex\">\n<figure class=\"wp-block-image size-large\"><img loading=\"lazy\" decoding=\"async\" width=\"416\" height=\"618\" data-id=\"916\" src=\"https:\/\/lipride.lgbt\/wp-content\/uploads\/2024\/06\/jutebeutel1.png\" alt=\"\" class=\"wp-image-916\" srcset=\"https:\/\/lipride.lgbt\/wp-content\/uploads\/2024\/06\/jutebeutel1.png 416w, https:\/\/lipride.lgbt\/wp-content\/uploads\/2024\/06\/jutebeutel1-202x300.png 202w\" sizes=\"auto, (max-width: 416px) 100vw, 416px\" \/><\/figure>\n\n\n\n<figure class=\"wp-block-image size-large\"><img loading=\"lazy\" decoding=\"async\" width=\"398\" height=\"618\" data-id=\"917\" src=\"https:\/\/lipride.lgbt\/wp-content\/uploads\/2024\/06\/jutebeutel2.png\" alt=\"\" class=\"wp-image-917\" srcset=\"https:\/\/lipride.lgbt\/wp-content\/uploads\/2024\/06\/jutebeutel2.png 398w, https:\/\/lipride.lgbt\/wp-content\/uploads\/2024\/06\/jutebeutel2-193x300.png 193w\" sizes=\"auto, (max-width: 398px) 100vw, 398px\" \/><\/figure>\n<\/figure>\n<\/div>\n<\/div>\n<\/div>\n<\/div>\n<\/div>\n<\/div>\n<\/div>\n<\/div>\n<\/div>\n<\/div>\n\n\n\n<p>Produkt: Stoffbeutel schwarz\/ nature<br>Gr\u00f6sse: onesize<br>Preis: 30 Fr. exkl. Porto<br><\/p>\n<\/div>\n\n\n\n<div class=\"wp-block-column is-layout-flow wp-block-column-is-layout-flow\" style=\"flex-basis:50%\">\n<figure class=\"wp-block-gallery has-nested-images columns-default is-cropped wp-block-gallery-6 is-layout-flex wp-block-gallery-is-layout-flex\">\n<figure class=\"wp-block-image size-large\"><img loading=\"lazy\" decoding=\"async\" width=\"1024\" height=\"467\" data-id=\"926\" src=\"https:\/\/lipride.lgbt\/wp-content\/uploads\/2024\/06\/tasse-1-1024x467.png\" alt=\"\" class=\"wp-image-926\" srcset=\"https:\/\/lipride.lgbt\/wp-content\/uploads\/2024\/06\/tasse-1-1024x467.png 1024w, https:\/\/lipride.lgbt\/wp-content\/uploads\/2024\/06\/tasse-1-300x137.png 300w, https:\/\/lipride.lgbt\/wp-content\/uploads\/2024\/06\/tasse-1-768x350.png 768w, https:\/\/lipride.lgbt\/wp-content\/uploads\/2024\/06\/tasse-1.png 1360w\" sizes=\"auto, (max-width: 1024px) 100vw, 1024px\" \/><\/figure>\n<\/figure>\n\n\n\n<p>Produkt: Teetasse weiss<br>Gr\u00f6sse: 325ml<br>Preis: 30 Fr. exkl. Porto<\/p>\n<\/div>\n<\/div>\n\n\n\n<div class=\"wp-block-columns is-layout-flex wp-container-core-columns-is-layout-28f84493 wp-block-columns-is-layout-flex\">\n<div class=\"wp-block-column is-layout-flow wp-block-column-is-layout-flow\">\n<figure class=\"wp-block-gallery has-nested-images columns-default is-cropped wp-block-gallery-7 is-layout-flex wp-block-gallery-is-layout-flex\">\n<figure class=\"wp-block-image size-large\"><img loading=\"lazy\" decoding=\"async\" width=\"218\" height=\"680\" data-id=\"915\" src=\"https:\/\/lipride.lgbt\/wp-content\/uploads\/2024\/06\/flasche1.png\" alt=\"\" class=\"wp-image-915\" srcset=\"https:\/\/lipride.lgbt\/wp-content\/uploads\/2024\/06\/flasche1.png 218w, https:\/\/lipride.lgbt\/wp-content\/uploads\/2024\/06\/flasche1-96x300.png 96w\" sizes=\"auto, (max-width: 218px) 100vw, 218px\" \/><\/figure>\n\n\n\n<figure class=\"wp-block-image size-large\"><img loading=\"lazy\" decoding=\"async\" width=\"216\" height=\"680\" data-id=\"925\" src=\"https:\/\/lipride.lgbt\/wp-content\/uploads\/2024\/06\/flasche2.png\" alt=\"\" class=\"wp-image-925\" srcset=\"https:\/\/lipride.lgbt\/wp-content\/uploads\/2024\/06\/flasche2.png 216w, https:\/\/lipride.lgbt\/wp-content\/uploads\/2024\/06\/flasche2-95x300.png 95w\" sizes=\"auto, (max-width: 216px) 100vw, 216px\" \/><\/figure>\n<\/figure>\n\n\n\n<p>Produkt: Trinkflasche Edelstahl\/ Lightsilver mit Strohhalm<br>Gr\u00f6sse: 600 ml<br>Preis: 35 Fr. exkl. Porto<\/p>\n<\/div>\n\n\n\n<div class=\"wp-block-column is-layout-flow wp-block-column-is-layout-flow\">\n<div class=\"wp-block-buttons is-content-justification-center is-layout-flex wp-container-core-buttons-is-layout-a89b3969 wp-block-buttons-is-layout-flex\">\n<div class=\"wp-block-button\"><a class=\"wp-block-button__link wp-element-button\" href=\"https:\/\/lipride.lgbt\/?p=934\"><s><mark style=\"background-color:rgba(0, 0, 0, 0)\" class=\"has-inline-color has-ast-global-color-1-color\">Hier bestellen!<\/mark><\/s><\/a><\/div>\n<\/div>\n<\/div>\n<\/div>\n","protected":false},"excerpt":{"rendered":"<p>Alle Produkte k\u00f6nnen zu regul\u00e4ren Stammtisch \u00d6ffnungszeiten abgeholt werden. Bei Postversand werden zus\u00e4tzlich 7 Fr. f\u00fcrs Porto verrechnet. Produkt: Shirts schwarz\/ weissGr\u00f6sse: S-4XLPreis: 35 Fr. exkl. Porto Produkt: Schirmm\u00fctze schwarz\/ WeissGr\u00f6sse: OnesizePreis: 35 Fr. exkl. Porto Produkt: Beanie schwarz\/ grauGr\u00f6sse: OnesizePreis: 30 Fr. exkl. Porto Produkt: Turnbeutel schwarz\/ weissGr\u00f6sse: onesizePreis: 30 Fr. exkl. Porto Produkt: [&hellip;]<\/p>\n","protected":false},"author":1,"featured_media":0,"parent":0,"menu_order":0,"comment_status":"closed","ping_status":"closed","template":"","meta":{"site-sidebar-layout":"default","site-content-layout":"","ast-site-content-layout":"default","site-content-style":"default","site-sidebar-style":"default","ast-global-header-display":"","ast-banner-title-visibility":"","ast-main-header-display":"","ast-hfb-above-header-display":"","ast-hfb-below-header-display":"","ast-hfb-mobile-header-display":"","site-post-title":"","ast-breadcrumbs-content":"","ast-featured-img":"","footer-sml-layout":"","ast-disable-related-posts":"","theme-transparent-header-meta":"","adv-header-id-meta":"","stick-header-meta":"","header-above-stick-meta":"","header-main-stick-meta":"","header-below-stick-meta":"","astra-migrate-meta-layouts":"default","ast-page-background-enabled":"default","ast-page-background-meta":{"desktop":{"background-color":"var(--ast-global-color-4)","background-image":"","background-repeat":"repeat","background-position":"center center","background-size":"auto","background-attachment":"scroll","background-type":"","background-media":"","overlay-type":"","overlay-color":"","overlay-opacity":"","overlay-gradient":""},"tablet":{"background-color":"","background-image":"","background-repeat":"repeat","background-position":"center center","background-size":"auto","background-attachment":"scroll","background-type":"","background-media":"","overlay-type":"","overlay-color":"","overlay-opacity":"","overlay-gradient":""},"mobile":{"background-color":"","background-image":"","background-repeat":"repeat","background-position":"center center","background-size":"auto","background-attachment":"scroll","background-type":"","background-media":"","overlay-type":"","overlay-color":"","overlay-opacity":"","overlay-gradient":""}},"ast-content-background-meta":{"desktop":{"background-color":"var(--ast-global-color-5)","background-image":"","background-repeat":"repeat","background-position":"center center","background-size":"auto","background-attachment":"scroll","background-type":"","background-media":"","overlay-type":"","overlay-color":"","overlay-opacity":"","overlay-gradient":""},"tablet":{"background-color":"var(--ast-global-color-5)","background-image":"","background-repeat":"repeat","background-position":"center center","background-size":"auto","background-attachment":"scroll","background-type":"","background-media":"","overlay-type":"","overlay-color":"","overlay-opacity":"","overlay-gradient":""},"mobile":{"background-color":"var(--ast-global-color-5)","background-image":"","background-repeat":"repeat","background-position":"center center","background-size":"auto","background-attachment":"scroll","background-type":"","background-media":"","overlay-type":"","overlay-color":"","overlay-opacity":"","overlay-gradient":""}},"jetpack_post_was_ever_published":false,"footnotes":""},"class_list":["post-899","page","type-page","status-publish","hentry"],"jetpack_sharing_enabled":true,"_links":{"self":[{"href":"https:\/\/lipride.lgbt\/index.php?rest_route=\/wp\/v2\/pages\/899","targetHints":{"allow":["GET"]}}],"collection":[{"href":"https:\/\/lipride.lgbt\/index.php?rest_route=\/wp\/v2\/pages"}],"about":[{"href":"https:\/\/lipride.lgbt\/index.php?rest_route=\/wp\/v2\/types\/page"}],"author":[{"embeddable":true,"href":"https:\/\/lipride.lgbt\/index.php?rest_route=\/wp\/v2\/users\/1"}],"replies":[{"embeddable":true,"href":"https:\/\/lipride.lgbt\/index.php?rest_route=%2Fwp%2Fv2%2Fcomments&post=899"}],"version-history":[{"count":7,"href":"https:\/\/lipride.lgbt\/index.php?rest_route=\/wp\/v2\/pages\/899\/revisions"}],"predecessor-version":[{"id":939,"href":"https:\/\/lipride.lgbt\/index.php?rest_route=\/wp\/v2\/pages\/899\/revisions\/939"}],"wp:attachment":[{"href":"https:\/\/lipride.lgbt\/index.php?rest_route=%2Fwp%2Fv2%2Fmedia&parent=899"}],"curies":[{"name":"wp","href":"https:\/\/api.w.org\/{rel}","templated":true}]}}